 + 1. Let q(w) = j(w) - m(w). Let h be q(-1). What is the highest common factor of 10 and h?
10
Suppose -5*b + 54 = -2*b. Let t be (-2 + b)*(-3)/(-4). Let f be (-5)/((-1 - 2)/t). What is the greatest common factor of 10 and f?
10
Suppose 5*w = -5*t + 160, 2*w + 3*t - 57 = 8. What is the greatest common divisor of w and 124?
31
Let p = -27 - -34. Let u = p + 6. Suppose 103 + 27 = 2*f. What is the highest common divisor of f and u?
13
Suppose t + 0*t = 0. Let y = t - -3. Calculate the greatest common divisor of y and 3.
3
Let o be 25/(8 + -3) + 103. What is the highest common divisor of 27 and o?
27
Suppose -x + d = 5, 3*x + 2*d = -0*x - 15. Suppose -i + 4*i = -99. Let b = x - i. What is the greatest common divisor of 4 and b?
4
Let s = 4 + 32. What is the greatest common divisor of s and 12?
12
Let t be -2*(-3)/6 + 0. Let w = 7 + t. Suppose 0 = -4*v - u + 100, 3*v + 4*u - 136 = -2*v. Calculate the highest common factor of v and w.
8
Let z be (12/(-10))/(((-117)/(-60))/(-13)). Calculate the highest common divisor of z and 2.
2
Let r be (-2952)/(-42) - (27/21 - 1). Calculate the highest common divisor of 10 and r.
10
Suppose 3*k - 5*b + 10 = 0, 0*k - 6 = k - 3*b. Suppose k*r = -r + 12. Let u(q) = -q**3 - 3. Let i be u(-3). Calculate the highest common divisor of r and i.
12
Let t be (-2 - -24) + -3 + 5. Let g = t + -6. Calculate the greatest common divisor of g and 72.
18
Let h be ((-8)/12)/((-4)/18). Suppose -5 = -h*y + 1. Calculate the greatest common factor of y and 2.
2
Let f = 28 + -25. What is the highest common factor of 6 and f?
3
Suppose 0 = m - 5, -d - d + 5*m - 15 = 0. Suppose -4*c + 8 = 0, 0 = -4*s + d*c - 1 - 1. Calculate the greatest common divisor of s and 1.
1
Let u be 4/14 - 178/(-14). Let r = 301 - 158. Calculate the greatest common factor of u and r.
13
Suppose -4*j + 54 = -k, 44 = 4*j + 2*k + 2*k. Let v = -11 + j. Calculate the greatest common divisor of 22 and v.
2
Let t(v) = 2*v - 1. Let a be t(8). What is the highest common divisor of 165 and a?
15
Let f(t) = -4*t. Let l be f(-1). Suppose 0 = 5*h - p - 105, l*p + 80 = 3*h - 0*p. What is the highest common factor of h and 50?
10
Suppose f - 736 = -3*f. What is the greatest common divisor of 23 and f?
23
Let m = 20 + -28. Let n = 14 + m. Let u be 3*14*16/n. Calculate the greatest common divisor of u and 14.
14
Let y be (2 + (-21)/3)*-42. Calculate the highest common divisor of y and 42.
42
Let a(k) = 2*k + 0 + 5 - 9*k. Let y be a(-5). Calculate the greatest common factor of 8 and y.
8
Let u be (0 + 1)/((-1)/35). Let t = -14 - u. Suppose 5*v - 4*j - 1167 = 0, 3*j = 2*v - 73 - 398. Calculate the greatest common divisor of t and v.
21
Suppose 6*u - 224 = 2*u. Let a = -74 - -158. Calculate the highest common divisor of u and a.
28
Suppose -9*s + 154 = -7*s. Let x = s - 41. What is the greatest common divisor of 54 and x?
18
Let h be 1*(3 + 1 + 1). Suppose -h*b + 40 = 5*w, 46 + 21 = 5*w - 4*b. What is the greatest common factor of w and 88?
11
Suppose 5*h - 9 = q, 0 = -h - 2*h - 3*q + 9. Let y be -2*h/(-8)*72. What is the greatest common divisor of 6 and y?
6
Let q = -151 - -167. Calculate the highest common divisor of q and 104.
8
Suppose -7*c = c - 56. Let g = -77 + 213. Let a = 192 - g. Calculate the highest common factor of c and a.
7
Let f(l) = 7*l**2 - 3*l - 4. Let x be f(-2). What is the highest common divisor of 10 and x?
10
Suppose 146 - 34 = 5*c + 2*x, -3*x - 12 = 0. Let y = -345 + 353. Calculate the highest common divisor of c and y.
8
Suppose 18 = -3*q + 3. Let s be q/25 - (-11)/5. Calculate the highest common divisor of s and 6.
2
Let p(y) = -y**3 - 14*y**2 - y + 13. Let k be p(-14). Calculate the highest common factor of 27 and k.
27
Suppose -5 = 3*r - 17. Let k = 13 - 0. Suppose -k = -5*h + 17. Calculate the greatest common factor of r and h.
2
Suppose -15 - 21 = -9*k. What is the highest common factor of k and 6?
2
Suppose 0 = 4*i + i + 20, 42 = 2*z - 5*i. Suppose 0 = -0*t - t - 351. Let j be 3/12 + t/(-4). Calculate the highest common factor of z and j.
11
Suppose 5*c = -3*j + 9, -5*j = -3*c + 4 + 15. Calculate the greatest common factor of 3 and c.
3
Let b be ((-82)/6 + -2)*-18. Let n = -194 + b. Suppose 114*t - 16 = 112*t. Calculate the greatest common divisor of n and t.
8
Suppose 5*h = 30 + 35. Let m = -9 + h. Suppose -3*i + 41 = m*t - 8*t, -5*t = i - 20. What is the highest common factor of i and 3?
3
Suppose 5*q - 32 = 23. Let z be (-1)/(-2)*(14 - 24). Let o(m) = m**3 + 8*m**2 + 5*m + 5. Let h be o(z). Calculate the greatest common factor of h and q.
11
Suppose 11*s - 8*s = 30. Suppose -3*p - 4*w = -70, -3*w = p - 20 - s. Calculate the highest common divisor of 12 and p.
6
Let t = 3 + -1. Suppose -t*k = k - 90. What is the highest common factor of k and 12?
6
Let o = -11 - -27. Let f(g) = g**2 - 5*g + 4. Let u be f(4). Let v be 1*(2 - u - -2). Calculate the greatest common factor of o and v.
4
Let d = 20 + -38. Let y = 362 + -906. Let f be y/d + 8/(-36). Calculate the highest common factor of 20 and f.
10
Let a be (6/4)/((-3)/16). Let n be (22/4)/(1/a). Let y = 198 + n. Calculate the highest common divisor of y and 14.
14
Suppose -6 = -3*c + 6. Suppose -c*y + 64 = -4*j, 4*j = -y - j - 8. What is the greatest common divisor of y and 96?
12
Suppose -116 = -0*i + 2*i. Let w = 10 - 26. Let t = w - i. What is the highest common divisor of 21 and t?
21
Suppose -r + 20 + 0 = 0. Calculate the greatest common divisor of 30 and r.
10
Let v(s) be the second derivative of -2*s**3/3 - 6*s**2 - 6*s. Let z be v(-6). Calculate the greatest common divisor of z and 108.
12
Suppose -5*q = -f + 2 + 8, -3*f + 2*q = -30. Calculate the highest common factor of 30 and f.
10
Suppose 22 + 6 = 4*p. Suppose u - 5 = p. Calculate the highest common factor of 8 and u.
4
Let m(i) = 3*i**2 + 17*i - 1. Let x be m(-7). What is the greatest common factor of x and 189?
27
Let u(b) be the second derivative of b**5/20 + 5*b**4/12 - b**3/3 + 3*b. Let m be u(-3). Calculate the highest common factor of m and 12.
12
Let i = -144 - -147. Calculate the greatest common divisor of 51 and i.
3
Suppose -3*i + 9 = -l, -3*l + 5*l = -5*i - 7. Let k be (l/(-5))/((-3)/(-40)). What is the highest common divisor of 144 and k?
16
Suppose 2 = -4*j + 3*j. Let n be j/(-3) + 248/6. Suppose -z + 3*h + 0 = -22, n = 3*z - 3*h. What is the highest common factor of z and 30?
10
Let v be 6/8 - 72/(-32). Suppose -52 = -v*t - t. Calculate the highest common factor of 143 and t.
13
Let k(c) = 68*c - 5. Let w be k(1). What is the greatest common factor of 18 and w?
9
Suppose b + 2 = 4. Let l be 78 + (1 + b - 1). Let h be 4/(1 - 3) + 34. What is the highest common factor of h and l?
16
Suppose -4*y - 12 - 16 = 0. Let f(r) = -3*r - 12. Let c be f(y). Calculate the highest common divisor of 9 and c.
9
Suppose 2 + 10 = x. Suppose c + 3*t = 6, -5*t + 2 = -3*c + 2*c. Let q(p) = 28*p. Let u be q(c). What is the greatest common divisor of u and x?
12
Let y be 1/(-2) + (-21)/(-6). Suppose -q + 18 = y*m - 0, 98 = 4*q - m. What is the greatest common factor of 8 and q?
8
Suppose w - 3*o = -0*o - 6, -2*o + 4 = -w. Suppose w = 3*d + 32 - 437. Calculate the highest common divisor of 15 and d.
15
Suppose -6*h + 5*h - 4*r + 22 = 0, -2*r = -6. What is the greatest common divisor of 50 and h?
10
Suppose q = 5*s - 18, q = s + 2*q - 6. Let z = s - 2. Suppose -1 = -4*d + 3*d + 2*y, 3*d - 15 = z*y. Calculate the highest common divisor of 7 and d.
7
Suppose 2 = -d + 24. Let r(s) = -s**2 + 12*s - 2. Let p be r(7). What is the highest common divisor of p and d?
11
Let r be (-4)/6*(-4 + -2). Let j be (-873)/(-6)*r/6. Suppose -3*x - 3 = 0, -5*c + 0*c - 3*x = -j. What is the greatest common divisor of 8 and c?
4
Let d(x) = -x - 10. Let f be d(-10). Suppose f = 2*p + 2 - 10. Calculate the greatest common divisor of p and 10.
2
Suppose -k + g + 73 = 0, -2*k + 3*g = -124 - 17. What is the greatest common factor of 13 and k?
13
Let z(i) = i**2 + i - 2. Let a be z(2). What is the highest common factor of 10 and a?
2
Suppose 0 = -5*w - 16 + 116. Suppose 0 = -5*x - 322 - 433. Let a = x - -251. Calculate the highest common divisor of a and w.
20
Let r be -3*(16/12)/(-2). Let i be (3 + -2 + 1)*r. Calculate the highest common divisor of 12 and i.
4
Let p = 56 